usands digit of 53575?
3
What is the ten thousands digit of 79950?
7
What is the units digit of 711?
1
What is the thousands digit of 84817?
4
What is the hundreds digit of 5289?
2
What is the thousands digit of 6157?
6
What is the units digit of 6795?
5
What is the hundreds digit of 533?
5
What is the units digit of 40673?
3
What is the thousands digit of 1669?
1
What is the tens digit of 231?
3
What is the units digit of 8326?
6
What is the ten thousands digit of 42989?
4
What is the thousands digit of 20789?
0
What is the tens digit of 9705?
0
What is the thousands digit of 6353?
6
What is the units digit of 2014?
4
What is the units digit of 50?
0
What is the units digit of 4124?
4
What is the hundreds digit of 5960?
9
What is the hundreds digit of 2640?
6
What is the units digit of 1573?
3
What is the hundreds digit of 25497?
4
What is the hundreds digit of 747?
7
What is the tens digit of 3680?
8
What is the units digit of 973?
3
What is the tens digit of 2255?
5
What is the hundreds digit of 630?
6
What is the thousands digit of 25701?
5
What is the thousands digit of 1044?
1
What is the hundreds digit of 19768?
7
What is the tens digit of 6768?
6
What is the thousands digit of 71189?
1
What is the tens digit of 54793?
9
What is the ten thousands digit of 68378?
6
What is the hundreds digit of 2329?
3
What is the tens digit of 9288?
8
What is the hundreds digit of 524?
5
What is the tens digit of 112757?
5
What is the thousands digit of 3659?
3
What is the units digit of 32279?
9
What is the thousands digit of 80814?
0
What is the thousands digit of 90342?
0
What is the tens digit of 7101?
0
What is the thousands digit of 13714?
3
What is the ten thousands digit of 80688?
8
What is the tens digit of 725?
2
What is the hundreds digit of 500?
5
What is the units digit of 2221?
1
What is the hundreds digit of 3024?
0
What is the hundreds digit of 495?
4
What is the hundreds digit of 3658?
6
What is the units digit of 19223?
3
What is the hundreds digit of 2841?
8
What is the hundreds digit of 5048?
0
What is the units digit of 38?
8
What is the hundreds digit of 4634?
6
What is the hundreds digit of 169?
1
What is the thousands digit of 15645?
5
What is the units digit of 7258?
8
What is the tens digit of 5098?
9
What is the hundreds digit of 16414?
4
What is the units digit of 8665?
5
What is the units digit of 2188?
8
What is the tens digit of 152565?
6
What is the tens digit of 719?
1
What is the units digit of 70450?
0
What is the tens digit of 628?
2
What is the tens digit of 308?
0
What is the units digit of 2416?
6
What is the hundreds digit of 883?
8
What is the tens digit of 2173?
7
What is the tens digit of 133?
3
What is the hundreds digit of 3174?
1
What is the hundreds digit of 56661?
6
What is the units digit of 730?
0
What is the tens digit of 4407?
0
What is the tens digit of 64629?
2
What is the tens digit of 17708?
0
What is the ten thousands digit of 12586?
1
What is the ten thousands digit of 25729?
2
What is the hundreds digit of 1585?
5
What is the hundreds digit of 904?
9
What is the units digit of 56103?
3
What is the hundreds digit of 327?
3
What is the tens digit of 1936?
3
What is the thousands digit of 1425?
1
What is the hundreds digit of 389?
3
What is the hundreds digit of 1067?
0
What is the units digit of 90?
0
What is the tens digit of 9297?
9
What is the hundreds digit of 942?
9
What is the tens digit of 2821?
2
What is the thousands digit of 12350?
2
What is the units digit of 1164?
4
What is the units digit of 14648?
8
What is the units digit of 2956?
6
What is the thousands digit of 2050?
2
What is the hundreds digit of 3196?
1
What is the hundreds digit of 998?
9
What is the ten thousands digit of 25816?
2
What is the units digit of 82748?
8
What is the tens digit of 6563?
6
What is the tens digit of 2811?
1
What is the units digit of 654?
4
What is the units digit of 6717?
7
What is the tens digit of 56823?
2
What is the tens digit of 551?
5
What is the thousands digit of 7539?
7
What is the hundreds digit of 59492?
4
What is the hundreds digit of 98071?
0
What is the hundreds digit of 2214?
2
What is the thousands digit of 16042?
6
What is the thousands digit of 6987?
6
What is the tens digit of 4290?
9
What is the thousands digit of 4118?
4
What is the units digit of 68916?
6
What is the units digit of 5922?
2
What is the hundreds digit of 612?
6
What is the thousands digit of 7796?
7
What is the tens digit of 602?
0
What is the units digit of 116703?
3
What is the tens digit of 150?
5
What is the hundreds digit of 2749?
7
What is the ten thousands digit of 20744?
2
What is the thousands digit of 1069?
1
What is the units digit of 793?
3
What is the tens digit of 88?
8
What is the hundreds digit of 21167?
1
What is the hundreds digit of 38263?
2
What is the units digit of 46035?
5
What is the thousands digit of 18326?
8
What is the tens digit of 3994?
9
What is the ten thousands digit of 85476?
8
What is the units digit of 674?
4
What is the hundreds digit of 984?
9
What is the tens digit of 1863?
6
What is the thousands digit of 8376?
8
What is the thousands digit of 1642?
1
What is the tens digit of 308?
0
What is the hundred thousands digit of 115146?
1
What is the units digit of 656?
6
What is the tens digit of 10205?
0
What is the hundreds digit of 1342?
3
What is the tens digit of 35107?
0
What is the units digit of 4683?
3
What is the ten thousands digit of 46526?
4
What is the tens digit of 143?
4
What is the hundreds digit of 2078?
0
What is the units digit of 5163?
3
What is the units digit of 31671?
1
What is the tens digit of 11?
1
What is the hundreds digit of 3456?
4
What is the ten thousands digit of 12081?
1
What is the thousands digit of 4382?
4
What is the units digit of 3745?
5
What is the tens digit of 1788?
8
What is the thousands digit of 15235?
5
What is the hundreds digit of 715?
7
What is the hundreds digit of 1359?
3
What is the tens digit of 3889?
8
What is the tens digit of 46858?
5
What is the tens digit of 9848?
4
What is the units digit of 5048?
8
What is the units digit of 56431?
1
What is the thousands digit of 55074?
5
What is the tens digit of 2854?
5
What is the hundreds digit of 7223?
2
What is the units digit of 837?
7
What is the units digit of 1262?
2
What is the hundred thousands digit of 168686?
1
What is the units digit of 60174?
4
What is the thousands digit of 5241?
5
What is the thousands digit of 10057?
0
What is the hundreds digit of 1429?
4
What is the tens digit of 318?
1
What is the tens digit of 33880?
8
What is the thousands digit of 136128?
6
What is the hundreds digit of 428?
4
What is the hundreds digit of 81969?
9
What is the units digit of 56469?
9
What is the thousands digit of 4983?
4
What is the hundreds digit of 1204?
2
What is the tens digit of 463?
6
What is the thousands digit of 20057?
0
What is the hundreds digit of 1027?
0
What is the tens digit of 7362?
6
What is the units digit of 2497?
7
What is the units digit of 33479?
9
What is the tens digit of 2444?
4
What is the ten thousands digit of 53819?
5
What is the units digit of 365?
5
What is the tens digit of 30300?
0
What is the hundreds digit of 1134?
1
What is the hundreds digit of 36701?
7
What is the tens digit of 451?
5
What is the hundreds digit of 54021?
0
What is the thousands digit of 1016?
1
What is the thousands digit of 3209?
3
What is the ten thousands digit of 33153?
3
What is the units digit of 5728?
8
What is the thousands digit of 25122?
5
What is the hundreds digit of 7652?
6
What is the thousands digit of 9554?
9
What is the tens digit of 12541?
4
What is the hundreds digit of 7085?
0
What is the thousands digit of 51220?
1
What is the units digit of 358?
8
What is the hundreds digit of 13907?
9
What is the thousands digit of 1976?
1
What is the hundreds digit of 159?
1
What is the thousands digit of 1061?
1
What is the units digit of 1150?
0
What is the units digit of 5695?
5
What is the hundreds digit of 10525?
5
What is the ten thousands digit of 39311?
3
What is the tens digit of 463?
6
What is the units digit of 700?
0
What is the hundreds digit of 866?
8
What is the hundreds digit of 785?
7
What is the hundreds digit of 2079?
0
What is the hundreds 